r when 424 is divided by 409?
15
Calculate the remainder when 708 is divided by 9.
6
What is the remainder when 857 is divided by 73?
54
What is the remainder when 4748 is divided by 29?
21
Calculate the remainder when 81 is divided by 33.
15
What is the remainder when 1226 is divided by 38?
10
Calculate the remainder when 47 is divided by 12.
11
Calculate the remainder when 68 is divided by 19.
11
Calculate the remainder when 3318 is divided by 277.
271
What is the remainder when 20397 is divided by 240?
237
Calculate the remainder when 98 is divided by 51.
47
What is the remainder when 654 is divided by 73?
70
What is the remainder when 1266 is divided by 416?
18
Calculate the remainder when 127 is divided by 33.
28
What is the remainder when 259 is divided by 37?
0
Calculate the remainder when 67 is divided by 12.
7
What is the remainder when 461 is divided by 75?
11
Calculate the remainder when 13 is divided by 5.
3
What is the remainder when 783 is divided by 124?
39
Calculate the remainder when 373 is divided by 101.
70
Calculate the remainder when 164 is divided by 28.
24
Calculate the remainder when 76 is divided by 14.
6
What is the remainder when 90 is divided by 6?
0
What is the remainder when 440 is divided by 28?
20
What is the remainder when 97 is divided by 30?
7
What is the remainder when 27 is divided by 14?
13
What is the remainder when 473 is divided by 155?
8
What is the remainder when 940 is divided by 417?
106
Calculate the remainder when 286 is divided by 36.
34
What is the remainder when 267 is divided by 15?
12
Calculate the remainder when 67 is divided by 16.
3
What is the remainder when 656 is divided by 55?
51
What is the remainder when 298 is divided by 102?
94
Calculate the remainder when 126 is divided by 11.
5
Calculate the remainder when 1867 is divided by 17.
14
What is the remainder when 58 is divided by 22?
14
Calculate the remainder when 110 is divided by 42.
26
What is the remainder when 1282 is divided by 107?
105
What is the remainder when 233 is divided by 85?
63
Calculate the remainder when 230 is divided by 229.
1
Calculate the remainder when 220 is divided by 56.
52
What is the remainder when 1461 is divided by 8?
5
Calculate the remainder when 639 is divided by 118.
49
Calculate the remainder when 477 is divided by 52.
9
What is the remainder when 1805 is divided by 43?
42
Calculate the remainder when 530 is divided by 28.
26
Calculate the remainder when 838 is divided by 274.
16
What is the remainder when 1426 is divided by 102?
100
What is the remainder when 1659 is divided by 97?
10
Calculate the remainder when 75 is divided by 41.
34
What is the remainder when 549 is divided by 179?
12
Calculate the remainder when 150 is divided by 20.
10
Calculate the remainder when 167 is divided by 21.
20
Calculate the remainder when 1978 is divided by 12.
10
What is the remainder when 187 is divided by 55?
22
Calculate the remainder when 60 is divided by 48.
12
Calculate the remainder when 273 is divided by 56.
49
Calculate the remainder when 563 is divided by 561.
2
What is the remainder when 192 is divided by 167?
25
Calculate the remainder when 1202 is divided by 6.
2
What is the remainder when 137 is divided by 40?
17
Calculate the remainder when 40 is divided by 3.
1
What is the remainder when 323 is divided by 13?
11
What is the remainder when 1446 is divided by 15?
6
What is the remainder when 13929 is divided by 36?
33
Calculate the remainder when 1407 is divided by 7.
0
Calculate the remainder when 339 is divided by 56.
3
What is the remainder when 24419 is divided by 15?
14
Calculate the remainder when 339 is divided by 34.
33
What is the remainder when 412 is divided by 136?
4
Calculate the remainder when 236 is divided by 63.
47
What is the remainder when 474 is divided by 95?
94
Calculate the remainder when 58 is divided by 13.
6
Calculate the remainder when 112 is divided by 8.
0
What is the remainder when 2043 is divided by 82?
75
What is the remainder when 303 is divided by 27?
6
What is the remainder when 1934 is divided by 20?
14
Calculate the remainder when 1121 is divided by 16.
1
Calculate the remainder when 27857 is divided by 140.
137
Calculate the remainder when 84 is divided by 35.
14
Calculate the remainder when 538 is divided by 77.
76
What is the remainder when 22 is divided by 10?
2
What is the remainder when 140 is divided by 72?
68
What is the remainder when 77 is divided by 22?
11
Calculate the remainder when 5720 is divided by 59.
56
Calculate the remainder when 76 is divided by 37.
2
Calculate the remainder when 676 is divided by 40.
36
Calculate the remainder when 150 is divided by 84.
66
Calculate the remainder when 4539 is divided by 754.
15
What is the remainder when 2324 is divided by 1156?
12
What is the remainder when 1594 is divided by 42?
40
What is the remainder when 925 is divided by 32?
29
What is the remainder when 207 is divided by 21?
18
Calculate the remainder when 348 is divided by 9.
6
What is the remainder when 55 is divided by 7?
6
What is the remainder when 21 is divided by 16?
5
What is the remainder when 2543 is divided by 507?
8
Calculate the remainder when 929 is divided by 93.
92
What is the remainder when 58 is divided by 16?
10
What is the remainder when 309 is divided by 53?
44
Calculate the remainder when 282 is divided by 61.
38
Calculate the remainder when 2854 is divided by 28.
26
Calculate the remainder when 1561 is divided by 25.
11
What is the remainder when 474 is divided by 131?
81
Calculate the remainder when 327 is divided by 85.
72
What is the remainder when 111 is divided by 30?
21
Calculate the remainder when 167 is divided by 25.
17
What is the remainder when 198 is divided by 4?
2
Calculate the remainder when 140 is divided by 8.
4
Calculate the remainder when 548 is divided by 19.
16
Calculate the remainder when 1672 is divided by 47.
27
What is the remainder when 507 is divided by 32?
27
Calculate the remainder when 961 is divided by 32.
1
What is the remainder when 206 is divided by 114?
92
What is the remainder when 5869 is divided by 5865?
4
Calculate the remainder when 3672 is divided by 918.
0
What is the remainder when 570 is divided by 101?
65
What is the remainder when 1185 is divided by 108?
105
What is the remainder when 225 is divided by 19?
16
What is the remainder when 848 is divided by 73?
45
Calculate the remainder when 1617 is divided by 214.
119
What is the remainder when 484 is divided by 99?
88
Calculate the remainder when 462 is divided by 15.
12
Calculate the remainder when 626 is divided by 19.
18
Calculate the remainder when 1340 is divided by 669.
2
Calculate the remainder when 319 is divided by 64.
63
Calculate the remainder when 377 is divided by 85.
37
What is the remainder when 6423 is divided by 403?
378
Calculate the remainder when 228 is divided by 60.
48
What is the remainder when 548 is divided by 120?
68
What is the remainder when 591 is divided by 195?
6
What is the remainder when 108 is divided by 11?
9
What is the remainder when 1882 is divided by 35?
27
What is the remainder when 62 is divided by 26?
10
What is the remainder when 358 is divided by 10?
8
Calculate the remainder when 517 is divided by 26.
23
Calculate the remainder when 125 is divided by 19.
11
Calculate the remainder when 427 is divided by 229.
198
What is the remainder when 64 is divided by 47?
17
Calculate the remainder when 744 is divided by 50.
44
What is the remainder when 486 is divided by 13?
5
What is the remainder when 119 is divided by 103?
16
What is the remainder when 60 is divided by 57?
3
Calculate the remainder when 89 is divided by 25.
14
What is the remainder when 4000 is divided by 56?
24
Calculate the remainder when 6152 is divided by 228.
224
What is the remainder when 1054 is divided by 48?
46
What is the remainder when 100 is divided by 29?
13
What is the remainder when 80 is divided by 24?
8
What is the remainder when 194 is divided by 62?
8
Calculate the remainder when 2837 is divided by 405.
2
What is the remainder when 1363 is divided by 44?
43
Calculate the remainder when 2153 is divided by 77.
74
What is the remainder when 67 is divided by 36?
31
Calculate the remainder when 3209 is divided by